
List the prime factors of 19447785.
3, 5, 7, 107, 577
What are the prime factors of 106504?
2, 13313
What are the prime factors of 218329?
19, 11491
List the prime factors of 632084.
2, 29, 5449
List the prime factors of 375110.
2, 5, 37511
What are the prime factors of 9095?
5, 17, 107
What are the prime factors of 571778?
2, 17, 67, 251
List the prime factors of 1479518.
2, 739759
List the prime factors of 4384971.
3, 487219
What are the prime factors of 4973012?
2, 11, 113023
What are the prime factors of 194217?
3, 41, 1579
What are the prime factors of 632653?
7, 90379
List the prime factors of 2513358.
2, 3, 19, 7349
List the prime factors of 3376320.
2, 3, 5, 3517
What are the prime factors of 25686829?
7, 524221
List the prime factors of 3577540.
2, 5, 178877
What are the prime factors of 1172007?
3, 130223
List the prime factors of 6626566.
2, 17, 194899
What are the prime factors of 1832275?
5, 73291
What are the prime factors of 1334741?
61, 21881
List the prime factors of 56696.
2, 19, 373
What are the prime factors of 403784?
2, 17, 2969
List the prime factors of 4644188.
2, 1161047
What are the prime factors of 925273?
925273
What are the prime factors of 17019611?
7, 19, 101, 181
List the prime factors of 477660.
2, 3, 5, 19, 419
List the prime factors of 6011602.
2, 23, 130687
What are the prime factors of 207563?
207563
List the prime factors of 16884.
2, 3, 7, 67
List the prime factors of 180773.
180773
List the prime factors of 4703356.
2, 7, 17, 41, 241
List the prime factors of 133219.
101, 1319
List the prime factors of 663966.
2, 3, 36887
What are the prime factors of 257645?
5, 227
What are the prime factors of 2291117?
31, 73907
What are the prime factors of 5413816?
2, 676727
List the prime factors of 787849.
461, 1709
List the prime factors of 7120917.
3, 31, 25523
What are the prime factors of 4844363?
29, 167047
List the prime factors of 1007761.
379, 2659
What are the prime factors of 14154161?
7, 1297, 1559
What are the prime factors of 10773357?
3, 7, 513017
List the prime factors of 929535.
3, 5, 31, 1999
List the prime factors of 4638656.
2, 11, 599
List the prime factors of 323144.
2, 31, 1303
List the prime factors of 4628339.
1181, 3919
What are the prime factors of 1855766?
2, 11, 67, 1259
What are the prime factors of 3366096?
2, 3, 23, 3049
List the prime factors of 5739252.
2, 3, 478271
What are the prime factors of 197620?
2, 5, 41, 241
List the prime factors of 19924837.
311, 64067
List the prime factors of 379743.
3, 7, 13, 107
List the prime factors of 223485.
3, 5, 47, 317
List the prime factors of 4147445.
5, 167, 4967
What are the prime factors of 509367?
3, 169789
What are the prime factors of 447944?
2, 7, 19, 421
What are the prime factors of 111535?
5, 22307
List the prime factors of 302168.
2, 107, 353
List the prime factors of 31660.
2, 5, 1583
List the prime factors of 711547.
37, 19231
List the prime factors of 5698089.
3, 23, 27527
List the prime factors of 1847383.
23, 31, 2591
What are the prime factors of 128985?
3, 5, 8599
What are the prime factors of 8640825?
3, 5, 115211
List the prime factors of 264775.
5, 7, 17, 89
What are the prime factors of 20613741?
3, 17, 404191
What are the prime factors of 752705?
5, 47, 3203
What are the prime factors of 27091?
27091
What are the prime factors of 2631276?
2, 3, 73091
What are the prime factors of 22293?
3, 2477
List the prime factors of 36387.
3, 13, 311
List the prime factors of 208473.
3, 69491
What are the prime factors of 1350432?
2, 3, 521
List the prime factors of 103713.
3, 181, 191
What are the prime factors of 7689423?
3, 7, 17, 181
List the prime factors of 674759.
674759
List the prime factors of 6359309.
11, 17, 31, 1097
What are the prime factors of 2502778?
2, 179, 6991
List the prime factors of 303253.
29, 10457
List the prime factors of 23439758.
2, 283, 41413
List the prime factors of 991995.
3, 5, 41, 1613
What are the prime factors of 10500457?
11, 499, 1913
List the prime factors of 1600274.
2, 13, 61, 1009
List the prime factors of 149979.
3, 49993
List the prime factors of 123070.
2, 5, 31, 397
What are the prime factors of 140846?
2, 70423
What are the prime factors of 330768?
2, 3, 2297
What are the prime factors of 60735?
3, 5, 4049
List the prime factors of 3916682.
2, 7, 11, 29, 877
What are the prime factors of 629888?
2, 7, 19, 37
What are the prime factors of 658482?
2, 3, 11, 907
List the prime factors of 2314.
2, 13, 89
What are the prime factors of 37143245?
5, 7428649
List the prime factors of 215304.
2, 3, 8971
List the prime factors of 92188.
2, 19, 1213
What are the prime factors of 618203?
19, 32537
What are the prime factors of 1406897?
1406897
List the prime factors of 2447766.
2, 3, 45329
What are the prime factors of 640238?
2, 320119
List the prime factors of 10451138.
2, 109, 191, 251
What are the prime factors of 11883721?
19, 59, 10601
List the prime factors of 10478094.
2, 3, 11, 158759
What are the prime factors of 1131438?
2, 3, 7, 11, 31, 79
What are the prime factors of 45813?
3, 15271
List the prime factors of 323946.
2, 3, 7, 857
What are the prime factors of 2247172?
2, 347, 1619
What are the prime factors of 302452?
2, 83, 911
List the prime factors of 929026.
2, 7, 66359
List the prime factors of 122090.
2, 5, 29, 421
What are the prime factors of 102677?
102677
List the prime factors of 37109082.
2, 3, 6184847
What are the prime factors of 251362?
2, 17, 7393
List the prime factors of 11995726.
2, 19, 315677
What are the prime factors of 10992105?
3, 5, 83, 109
List the prime factors of 1245679.
37, 131, 257
What are the prime factors of 372829?
372829
What are the prime factors of 3473717?
13, 191, 1399
List the prime factors of 164431.
164431
List the prime factors of 592642.
2, 257, 1153
What are the prime factors of 186762?
2, 3, 17, 1831
List the prime factors of 1861888.
2, 7, 1039
What are the prime factors of 141372?
2, 3, 7, 11, 17
What are the prime factors of 315040?
2, 5, 11, 179
List the prime factors of 328628.
2, 29, 2833
List the prime factors of 896607.
3, 99623
List the prime factors of 759532.
2, 317, 599
What are the prime factors of 25906?
2, 12953
List the prime factors of 7686726.
2, 3, 463, 2767
List the prime factors of 1782009.
3, 389, 509
List the prime factors of 1815569.
7, 433, 599
What are the prime factors of 361104?
2, 3, 7523
What are the prime factors of 1804169?
31, 58199
List the prime factors of 123939.
3, 47, 293
What are the prime factors of 487393?
23, 21191
What are the prime factors of 10128284?
2, 2532071
What are the prime factors of 30727?
30727
What are the prime factors of 11062?
2, 5531
What are the prime factors of 3187942?
2, 17, 93763
List the prime factors of 477082.
2, 263, 907
What are the prime factors of 1278953?
13, 131, 751
What are the prime factors of 1924114?
2, 233, 4129
List the prime factors of 90123.
3, 11, 2731
List the prime factors of 13497606.
2, 3, 347, 2161
What are the prime factors of 1989545?
5, 29, 13721
What are the prime factors of 2233790?
2, 5, 13, 17183
List the prime factors of 416717.
7, 59, 1009
List the prime factors of 36518.
2, 19, 31
What are the prime factors of 950595?
3, 5, 127, 499
What are the prime factors of 656926?
2, 23, 14281
What are the prime factors of 537629?
43, 12503
List the prime factors of 1538493.
3, 11, 23, 2027
What are the prime factors of 2346545?
5, 31, 15139
List the prime factors of 13290898.
2, 107, 173, 359
List the prime factors of 2805542.
2, 1402771
What are the prime factors of 632082?
2, 3, 11, 61, 157
What are the prime factors of 182203?
7, 26029
What are the prime factors of 9457033?
43, 219931
What are the prime factors of 9661541?
23, 43, 9769
List the prime factors of 196514.
2, 98257
List the prime factors of 26375.
5, 211
List the prime factors of 1617951.
3, 379, 1423
What are the prime factors of 3045122?
2, 73, 20857
List the prime factors of 7129269.
3, 7, 67, 563
List the prime factors of 385575.
3, 5, 53, 97
List the prime factors of 165174.
2, 3, 27529
List the prime factors of 163829.
17, 23, 419
What are the prime factors of 412284?
2, 3, 17, 43, 47
What are the prime factors of 2427522?
2, 3, 43, 97
List the prime factors of 1229931.
3, 